{"id":36,"date":"2025-09-17T17:16:24","date_gmt":"2025-09-17T17:16:24","guid":{"rendered":"https:\/\/technofis.com\/?page_id=36"},"modified":"2026-03-09T12:36:28","modified_gmt":"2026-03-09T09:36:28","slug":"contact-us","status":"publish","type":"page","link":"https:\/\/technofis.com\/contact-us\/","title":{"rendered":"Contact Us"},"content":{"rendered":"<h1 data-section-id=\"1emxfwq\" data-start=\"267\" data-end=\"293\">Contact TechNofis Global<\/h1>\n<p data-start=\"295\" data-end=\"521\">If you would like to contact <strong data-start=\"324\" data-end=\"344\">TechNofis Global<\/strong> regarding international trade, certification services or project consultancy, please use the contact details below. Our team will respond to your inquiries as soon as possible.<\/p>\n<hr data-start=\"523\" data-end=\"526\" \/>\n<h1 data-section-id=\"j2uamt\" data-start=\"528\" data-end=\"545\">Office Contacts<\/h1>\n<h2 data-section-id=\"6mmmql\" data-start=\"547\" data-end=\"572\">T\u00fcrkiye \u2013 Headquarters<\/h2>\n<p data-start=\"574\" data-end=\"668\"><strong data-start=\"574\" data-end=\"668\">TechNofis Dan\u0131\u015fmanl\u0131k, E\u011fitim, Organizasyon, \u0130thalat, \u0130hracat, Sanayi ve Ticaret Ltd. \u015eti.<\/strong><\/p>\n<p data-start=\"670\" data-end=\"781\">Ko\u00e7yaz\u0131 Mahallesi<br data-start=\"687\" data-end=\"690\" \/>2400 Sokak Metek TOK\u0130 Sitesi 1 Etap 2 K\u0131s\u0131m Y\u00f6netim Ofisi K1-14<br data-start=\"757\" data-end=\"760\" \/>81010 D\u00fczce T\u00fcrkiye<\/p>\n<p data-start=\"783\" data-end=\"853\">\ud83d\udcde <strong data-start=\"786\" data-end=\"797\">Mobile:<\/strong> +90 532 451 35 48<br data-start=\"815\" data-end=\"818\" \/>(Contact Person: Serdar Demirbilek)<\/p>\n<hr data-start=\"855\" data-end=\"858\" \/>\n<h2 data-section-id=\"e555lt\" data-start=\"860\" data-end=\"892\">United States \u2013 Branch Office<\/h2>\n<p data-start=\"894\" data-end=\"911\"><strong data-start=\"894\" data-end=\"911\">MKS Trade Inc<\/strong><\/p>\n<p data-start=\"913\" data-end=\"972\">3 Christopher Street, Sayreville, NJ 08872<br data-start=\"956\" data-end=\"959\" \/>United States<\/p>\n<p data-start=\"974\" data-end=\"1004\">\ud83d\udcde <strong data-start=\"977\" data-end=\"988\">Mobile:<\/strong> +1 929 402 6990<\/p>\n<hr data-start=\"1006\" data-end=\"1009\" \/>\n<h2 data-section-id=\"42khr1\" data-start=\"1011\" data-end=\"1035\">Egypt \u2013 Branch Office<\/h2>\n<p data-start=\"1037\" data-end=\"1073\"><strong data-start=\"1037\" data-end=\"1073\">Virginia Trade International Co.<\/strong><\/p>\n<p data-start=\"1075\" data-end=\"1110\">69 Harbey Street<br data-start=\"1091\" data-end=\"1094\" \/>Damietta, Egypt<\/p>\n<p data-start=\"1112\" data-end=\"1143\">\ud83d\udcde <strong data-start=\"1115\" data-end=\"1126\">Mobile:<\/strong> +20 10 639 13050<\/p>\n<hr data-start=\"1145\" data-end=\"1148\" \/>\n<h1 data-section-id=\"s35f72\" data-start=\"1150\" data-end=\"1160\">Websites<\/h1>\n<p data-start=\"1162\" data-end=\"1229\">\ud83c\udf10<br data-start=\"1164\" data-end=\"1167\" \/><a class=\"decorated-link\" href=\"http:\/\/www.technofis.com\" target=\"_new\" rel=\"noopener\" data-start=\"1167\" data-end=\"1184\">www.technofis.com<\/a><br data-start=\"1184\" data-end=\"1187\" \/><a class=\"decorated-link\" href=\"http:\/\/www.technofis.com.tr\" target=\"_new\" rel=\"noopener\" data-start=\"1187\" data-end=\"1207\">www.technofis.com.tr<\/a><br data-start=\"1207\" data-end=\"1210\" \/><a class=\"decorated-link\" href=\"http:\/\/www.mkstradellc.com\" target=\"_new\" rel=\"noopener\" data-start=\"1210\" data-end=\"1229\">www.mkstradellc.com<\/a><\/p>\n<hr data-start=\"1231\" data-end=\"1234\" \/>\n<h1 data-section-id=\"hfjki2\" data-start=\"1236\" data-end=\"1253\">Email Addresses<\/h1>\n<p data-start=\"1255\" data-end=\"1259\">\ud83d\udce7<\/p>\n<p data-start=\"1261\" data-end=\"1305\"><a class=\"decorated-link cursor-pointer\" href=\"mailto:info@technofis.com\" rel=\"noopener\" data-start=\"1261\" data-end=\"1279\">info@technofis.com<\/a><br data-start=\"1279\" data-end=\"1282\" \/><a class=\"decorated-link cursor-pointer\" href=\"mailto:info@technofis.com.tr\" rel=\"noopener\" data-start=\"1282\" data-end=\"1303\">info@technofis.com.tr<\/a><br \/>\n<a class=\"decorated-link cursor-pointer\" href=\"mailto:info@mkstradellc.com\" rel=\"noopener\" data-start=\"1399\" data-end=\"1419\">info@mkstradellc.com<\/a><\/p>\n<hr data-start=\"1445\" data-end=\"1448\" \/>\n<h1 data-section-id=\"yd2uc6\" data-start=\"1450\" data-end=\"1469\">Send Us a Message<\/h1>\n<p data-start=\"1471\" data-end=\"1533\">You can also contact us directly using the contact form below.<\/p>\n<p data-start=\"1535\" data-end=\"1552\"><style id=\"wpforms-css-vars-44\">\n\t\t\t\t#wpforms-44 {\n\t\t\t\t--wpforms-container-padding: 0px;\n--wpforms-container-border-width: 1px;\n--wpforms-container-border-radius: 3px;\n--wpforms-background-color: rgba(0, 0, 0, 0);\n--wpforms-field-size-input-height: 43px;\n--wpforms-field-size-input-spacing: 15px;\n--wpforms-field-size-font-size: 16px;\n--wpforms-field-size-line-height: 19px;\n--wpforms-field-size-padding-h: 14px;\n--wpforms-field-size-checkbox-size: 16px;\n--wpforms-field-size-sublabel-spacing: 5px;\n--wpforms-field-size-icon-size: 1;\n--wpforms-label-size-font-size: 16px;\n--wpforms-label-size-line-height: 19px;\n--wpforms-label-size-sublabel-font-size: 14px;\n--wpforms-label-size-sublabel-line-height: 17px;\n--wpforms-button-size-font-size: 17px;\n--wpforms-button-size-height: 41px;\n--wpforms-button-size-padding-h: 15px;\n--wpforms-button-size-margin-top: 10px;\n--wpforms-container-shadow-size-box-shadow: none;\n\t\t\t}\n\t\t\t<\/style><div class=\"wpforms-container wpforms-container-full wpforms-render-modern\" id=\"wpforms-44\"><form id=\"wpforms-form-44\" class=\"wpforms-validate wpforms-form wpforms-ajax-form\" data-formid=\"44\" method=\"post\" enctype=\"multipart\/form-data\" action=\"\/index.php?rest_route=%2Fwp%2Fv2%2Fpages%2F36\" data-token=\"d52967e567952da2b35cef54010ed980\" data-token-time=\"1776388464\"><noscript class=\"wpforms-error-noscript\">Bu formu bitirebilmek i\u00e7in taray\u0131c\u0131n\u0131zda JavaScript&#039;i etkinle\u015ftirin.<\/noscript><div id=\"wpforms-error-noscript\" style=\"display: none;\">Bu formu bitirebilmek i\u00e7in taray\u0131c\u0131n\u0131zda JavaScript&#039;i etkinle\u015ftirin.<\/div><div class=\"wpforms-field-container\"><div id=\"wpforms-44-field_1-container\" class=\"wpforms-field wpforms-field-name\" data-field-id=\"1\"><fieldset><legend class=\"wpforms-field-label\">Ad\u0131 Soyad\u0131 <span class=\"wpforms-required-label\" aria-hidden=\"true\">*<\/span><\/legend><div class=\"wpforms-field-row wpforms-field-medium\"><div class=\"wpforms-field-row-block wpforms-first wpforms-one-half\"><input type=\"text\" id=\"wpforms-44-field_1\" class=\"wpforms-field-name-first wpforms-field-required\" name=\"wpforms[fields][1][first]\" aria-errormessage=\"wpforms-44-field_1-error\" required><label for=\"wpforms-44-field_1\" class=\"wpforms-field-sublabel after\">Ad<\/label><\/div><div class=\"wpforms-field-row-block wpforms-one-half\"><input type=\"text\" id=\"wpforms-44-field_1-last\" class=\"wpforms-field-name-last wpforms-field-required\" name=\"wpforms[fields][1][last]\" aria-errormessage=\"wpforms-44-field_1-last-error\" required><label for=\"wpforms-44-field_1-last\" class=\"wpforms-field-sublabel after\">Soyad<\/label><\/div><\/div><\/fieldset><\/div>\t\t<div id=\"wpforms-44-field_4-container\"\n\t\t\tclass=\"wpforms-field wpforms-field-text\"\n\t\t\tdata-field-type=\"text\"\n\t\t\tdata-field-id=\"4\"\n\t\t\t>\n\t\t\t<label class=\"wpforms-field-label\" for=\"wpforms-44-field_4\" >veya Soyad\u0131 E-posta<\/label>\n\t\t\t<input type=\"text\" id=\"wpforms-44-field_4\" class=\"wpforms-field-medium\" name=\"wpforms[fields][4]\" >\n\t\t<\/div>\n\t\t<div id=\"wpforms-44-field_2-container\" class=\"wpforms-field wpforms-field-email\" data-field-id=\"2\"><label class=\"wpforms-field-label\" for=\"wpforms-44-field_2\">E-posta <span class=\"wpforms-required-label\" aria-hidden=\"true\">*<\/span><\/label><input type=\"email\" id=\"wpforms-44-field_2\" class=\"wpforms-field-medium wpforms-field-required\" name=\"wpforms[fields][2]\" spellcheck=\"false\" aria-errormessage=\"wpforms-44-field_2-error\" required><\/div><div id=\"wpforms-44-field_3-container\" class=\"wpforms-field wpforms-field-textarea\" data-field-id=\"3\"><label class=\"wpforms-field-label\" for=\"wpforms-44-field_3\">Yorum veya Mesaj<\/label><textarea id=\"wpforms-44-field_3\" class=\"wpforms-field-medium\" name=\"wpforms[fields][3]\" aria-errormessage=\"wpforms-44-field_3-error\" ><\/textarea><\/div><script>\n\t\t\t\t( function() {\n\t\t\t\t\tconst style = document.createElement( 'style' );\n\t\t\t\t\tstyle.appendChild( document.createTextNode( '#wpforms-44-field_4-container { position: absolute !important; overflow: hidden !important; display: inline !important; height: 1px !important; width: 1px !important; z-index: -1000 !important; padding: 0 !important; } #wpforms-44-field_4-container input { visibility: hidden; } #wpforms-conversational-form-page #wpforms-44-field_4-container label { counter-increment: none; }' ) );\n\t\t\t\t\tdocument.head.appendChild( style );\n\t\t\t\t\tdocument.currentScript?.remove();\n\t\t\t\t} )();\n\t\t\t<\/script><\/div><!-- .wpforms-field-container --><div class=\"wpforms-submit-container\" ><input type=\"hidden\" name=\"wpforms[id]\" value=\"44\"><input type=\"hidden\" name=\"page_title\" value=\"\"><input type=\"hidden\" name=\"page_url\" value=\"https:\/\/technofis.com\/index.php?rest_route=\/wp\/v2\/pages\/36\"><input type=\"hidden\" name=\"url_referer\" value=\"\"><button type=\"submit\" name=\"wpforms[submit]\" id=\"wpforms-submit-44\" class=\"wpforms-submit\" data-alt-text=\"Sending...\" data-submit-text=\"Send\" aria-live=\"assertive\" value=\"wpforms-submit\">Send<\/button><img decoding=\"async\" src=\"https:\/\/technofis.com\/wp-content\/plugins\/wpforms-lite\/assets\/images\/submit-spin.svg\" class=\"wpforms-submit-spinner\" style=\"display: none;\" width=\"26\" height=\"26\" alt=\"Y\u00fckleniyor\" title=\"\"><\/div><\/form><\/div>  <!-- .wpforms-container --><\/p>\n","protected":false},"excerpt":{"rendered":"<p>Contact TechNofis Global If you would like to contact TechNofis Global regarding international trade, certification services or project consultancy, please use the contact details below. Our team will respond to your inquiries as soon as possible. Office Contacts T\u00fcrkiye \u2013 Headquarters TechNofis Dan\u0131\u015fmanl\u0131k, E\u011fitim, Organizasyon, \u0130thalat, \u0130hracat, Sanayi ve Ticaret Ltd. \u015eti. Ko\u00e7yaz\u0131 Mahallesi2400 Sokak [&hellip;]<\/p>\n","protected":false},"author":1,"featured_media":171,"parent":0,"menu_order":0,"comment_status":"closed","ping_status":"closed","template":"","meta":{"footnotes":""},"class_list":["post-36","page","type-page","status-publish","has-post-thumbnail","hentry"],"jetpack_sharing_enabled":true,"_links":{"self":[{"href":"https:\/\/technofis.com\/wp-json\/wp\/v2\/pages\/36","targetHints":{"allow":["GET"]}}],"collection":[{"href":"https:\/\/technofis.com\/wp-json\/wp\/v2\/pages"}],"about":[{"href":"https:\/\/technofis.com\/wp-json\/wp\/v2\/types\/page"}],"author":[{"embeddable":true,"href":"https:\/\/technofis.com\/wp-json\/wp\/v2\/users\/1"}],"replies":[{"embeddable":true,"href":"https:\/\/technofis.com\/wp-json\/wp\/v2\/comments?post=36"}],"version-history":[{"count":4,"href":"https:\/\/technofis.com\/wp-json\/wp\/v2\/pages\/36\/revisions"}],"predecessor-version":[{"id":172,"href":"https:\/\/technofis.com\/wp-json\/wp\/v2\/pages\/36\/revisions\/172"}],"wp:featuredmedia":[{"embeddable":true,"href":"https:\/\/technofis.com\/wp-json\/wp\/v2\/media\/171"}],"wp:attachment":[{"href":"https:\/\/technofis.com\/wp-json\/wp\/v2\/media?parent=36"}],"curies":[{"name":"wp","href":"https:\/\/api.w.org\/{rel}","templated":true}]}}